{"id":405,"date":"2015-06-01T11:07:32","date_gmt":"2015-06-01T11:07:32","guid":{"rendered":"https:\/\/www.masdeudesign.com\/?post_type=jetpack-portfolio&#038;p=405"},"modified":"2017-09-07T14:12:06","modified_gmt":"2017-09-07T12:12:06","slug":"tintoreria-ecologica-a-sant-cugat-del-valles","status":"publish","type":"jetpack-portfolio","link":"https:\/\/www.masdeudesign.com\/es\/portfolio\/tintoreria-ecologica-a-sant-cugat-del-valles\/","title":{"rendered":"tintorer\u00eda ecol\u00f3gica en Sant Cugat del Vall\u00e8s"},"content":{"rendered":"<p><\/p>\n<div class=\"wide-content\" style=\"text-align: left;\">\n<p><img loading=\"lazy\" decoding=\"async\" data-attachment-id=\"416\" data-permalink=\"https:\/\/www.masdeudesign.com\/es\/portfolio\/tintoreria-ecologica-a-sant-cugat-del-valles\/31-copia\/\" data-orig-file=\"https:\/\/www.masdeudesign.com\/wp-content\/uploads\/2017\/01\/31-copia.jpg\" data-orig-size=\"1800,1019\" data-comments-opened=\"0\" data-image-meta=\"{&quot;aperture&quot;:&quot;0&quot;,&quot;credit&quot;:&quot;&quot;,&quot;camera&quot;:&quot;&quot;,&quot;caption&quot;:&quot;&quot;,&quot;created_timestamp&quot;:&quot;0&quot;,&quot;copyright&quot;:&quot;&quot;,&quot;focal_length&quot;:&quot;0&quot;,&quot;iso&quot;:&quot;0&quot;,&quot;shutter_speed&quot;:&quot;0&quot;,&quot;title&quot;:&quot;&quot;,&quot;orientation&quot;:&quot;1&quot;}\" data-image-title=\"31 copia\" data-image-description=\"\" data-image-caption=\"\" data-large-file=\"https:\/\/www.masdeudesign.com\/wp-content\/uploads\/2017\/01\/31-copia.jpg\" class=\"size-full wp-image-416 alignleft\" src=\"http:\/\/masdeudesign.com\/wordpress\/wp-content\/uploads\/2017\/01\/31-copia.jpg\" alt=\"31 copia\" width=\"1800\" height=\"1019\" srcset=\"https:\/\/www.masdeudesign.com\/wp-content\/uploads\/2017\/01\/31-copia.jpg 1800w, https:\/\/www.masdeudesign.com\/wp-content\/uploads\/2017\/01\/31-copia-600x340.jpg 600w, https:\/\/www.masdeudesign.com\/wp-content\/uploads\/2017\/01\/31-copia-768x435.jpg 768w\" sizes=\"auto, (max-width: 1800px) 100vw, 1800px\" \/><\/p>\n<p>Cliente | <strong>Particular<\/strong><br \/>\nSuperficie | <strong>89m\u00b2<\/strong><br \/>\nA\u00f1o | <strong>2014<\/strong><br \/>\nCiudad | <strong>Sant Cugat del Vall\u00e8s<\/strong><\/p>\n<p style=\"text-align: justify;\">El objetivo del proyecto era crear una identidad propia para una tintorer\u00eda especializada en un proceso de lavado ecol\u00f3gico. El local de 89m2, que se encontraba en un centro comercial, se dividi\u00f3 en cuatro zonas de trabajo separadas mediante paneles que simulaban puertas de armario con rastreles blancos y tapizadas con el t\u00edpico tejido de camisa de hombre. En el espacio m\u00e1s privado se situ\u00f3 la zona de lavado y plancha, y la zona de arreglos se situ\u00f3 al lado de la entrada. Todos estos espacios estaban visualmente conectados mediante unos ventanales con cortinas screen blancas de lamas verticales orientables, que potenciaban la visibilidad pero a la vez la intimidad, en el caso de que se quisiera cerrar el espacio. Todo este juego de cortinas se aplic\u00f3 en la fachada, creando una interesante secuencia vertical que limitaba perfectamente nuestro local. En todo el interior se potenci\u00f3 el color blanco como s\u00edmbolo de limpieza, la madera de roble aportaba la calidez, el tejido de camisa como rasgo identificador de nuestro local y se colocaron diferentes plantas de verde intenso para recordar que se trataba de una tintorer\u00eda ecol\u00f3gica.<\/p>\n<p>&nbsp;<\/p>\n<div data-carousel-extra='{&quot;blog_id&quot;:1,&quot;permalink&quot;:&quot;https:\/\/www.masdeudesign.com\/es\/portfolio\/tintoreria-ecologica-a-sant-cugat-del-valles\/&quot;}' id='gallery-4' class='gallery galleryid-405 gallery-columns-4 gallery-size-thumbnail'><dl class='gallery-item'>\n\t\t\t<dt class='gallery-icon landscape'>\n\t\t\t\t<img loading=\"lazy\" decoding=\"async\" width=\"300\" height=\"300\" src=\"https:\/\/www.masdeudesign.com\/wp-content\/uploads\/2017\/01\/31-copia-1-300x300.jpg\" class=\"attachment-thumbnail size-thumbnail\" alt=\"\" srcset=\"https:\/\/www.masdeudesign.com\/wp-content\/uploads\/2017\/01\/31-copia-1-300x300.jpg 300w, https:\/\/www.masdeudesign.com\/wp-content\/uploads\/2017\/01\/31-copia-1-50x50.jpg 50w\" sizes=\"auto, (max-width: 300px) 100vw, 300px\" data-attachment-id=\"418\" data-permalink=\"https:\/\/www.masdeudesign.com\/es\/portfolio\/tintoreria-ecologica-a-sant-cugat-del-valles\/31-copia-2\/\" data-orig-file=\"https:\/\/www.masdeudesign.com\/wp-content\/uploads\/2017\/01\/31-copia-1.jpg\" data-orig-size=\"1800,1019\" data-comments-opened=\"0\" data-image-meta=\"{&quot;aperture&quot;:&quot;0&quot;,&quot;credit&quot;:&quot;&quot;,&quot;camera&quot;:&quot;&quot;,&quot;caption&quot;:&quot;&quot;,&quot;created_timestamp&quot;:&quot;0&quot;,&quot;copyright&quot;:&quot;&quot;,&quot;focal_length&quot;:&quot;0&quot;,&quot;iso&quot;:&quot;0&quot;,&quot;shutter_speed&quot;:&quot;0&quot;,&quot;title&quot;:&quot;&quot;,&quot;orientation&quot;:&quot;1&quot;}\" data-image-title=\"\" data-image-description=\"\" data-image-caption=\"\" data-large-file=\"https:\/\/www.masdeudesign.com\/wp-content\/uploads\/2017\/01\/31-copia-1.jpg\" \/>\n\t\t\t<\/dt><\/dl><dl class='gallery-item'>\n\t\t\t<dt class='gallery-icon landscape'>\n\t\t\t\t<img loading=\"lazy\" decoding=\"async\" width=\"300\" height=\"300\" src=\"https:\/\/www.masdeudesign.com\/wp-content\/uploads\/2017\/01\/32-copia-300x300.jpg\" class=\"attachment-thumbnail size-thumbnail\" alt=\"\" srcset=\"https:\/\/www.masdeudesign.com\/wp-content\/uploads\/2017\/01\/32-copia-300x300.jpg 300w, https:\/\/www.masdeudesign.com\/wp-content\/uploads\/2017\/01\/32-copia-50x50.jpg 50w\" sizes=\"auto, (max-width: 300px) 100vw, 300px\" data-attachment-id=\"419\" data-permalink=\"https:\/\/www.masdeudesign.com\/es\/portfolio\/tintoreria-ecologica-a-sant-cugat-del-valles\/32-copia\/\" data-orig-file=\"https:\/\/www.masdeudesign.com\/wp-content\/uploads\/2017\/01\/32-copia.jpg\" data-orig-size=\"1800,1350\" data-comments-opened=\"0\" data-image-meta=\"{&quot;aperture&quot;:&quot;0&quot;,&quot;credit&quot;:&quot;&quot;,&quot;camera&quot;:&quot;&quot;,&quot;caption&quot;:&quot;&quot;,&quot;created_timestamp&quot;:&quot;0&quot;,&quot;copyright&quot;:&quot;&quot;,&quot;focal_length&quot;:&quot;0&quot;,&quot;iso&quot;:&quot;0&quot;,&quot;shutter_speed&quot;:&quot;0&quot;,&quot;title&quot;:&quot;&quot;,&quot;orientation&quot;:&quot;1&quot;}\" data-image-title=\"\" data-image-description=\"\" data-image-caption=\"\" data-large-file=\"https:\/\/www.masdeudesign.com\/wp-content\/uploads\/2017\/01\/32-copia.jpg\" \/>\n\t\t\t<\/dt><\/dl><dl class='gallery-item'>\n\t\t\t<dt class='gallery-icon landscape'>\n\t\t\t\t<img loading=\"lazy\" decoding=\"async\" width=\"300\" height=\"300\" src=\"https:\/\/www.masdeudesign.com\/wp-content\/uploads\/2017\/03\/Planta-Tintoreria-300x300.jpg\" class=\"attachment-thumbnail size-thumbnail\" alt=\"\" srcset=\"https:\/\/www.masdeudesign.com\/wp-content\/uploads\/2017\/03\/Planta-Tintoreria-300x300.jpg 300w, https:\/\/www.masdeudesign.com\/wp-content\/uploads\/2017\/03\/Planta-Tintoreria-50x50.jpg 50w\" sizes=\"auto, (max-width: 300px) 100vw, 300px\" data-attachment-id=\"773\" data-permalink=\"https:\/\/www.masdeudesign.com\/es\/portfolio\/tintoreria-ecologica-a-sant-cugat-del-valles\/propostes\/\" data-orig-file=\"https:\/\/www.masdeudesign.com\/wp-content\/uploads\/2017\/03\/Planta-Tintoreria.jpg\" data-orig-size=\"1800,1136\" data-comments-opened=\"0\" data-image-meta=\"{&quot;aperture&quot;:&quot;0&quot;,&quot;credit&quot;:&quot;&quot;,&quot;camera&quot;:&quot;&quot;,&quot;caption&quot;:&quot;&quot;,&quot;created_timestamp&quot;:&quot;0&quot;,&quot;copyright&quot;:&quot;&quot;,&quot;focal_length&quot;:&quot;0&quot;,&quot;iso&quot;:&quot;0&quot;,&quot;shutter_speed&quot;:&quot;0&quot;,&quot;title&quot;:&quot;Propostes&quot;,&quot;orientation&quot;:&quot;1&quot;}\" data-image-title=\"\" data-image-description=\"\" data-image-caption=\"\" data-large-file=\"https:\/\/www.masdeudesign.com\/wp-content\/uploads\/2017\/03\/Planta-Tintoreria.jpg\" \/>\n\t\t\t<\/dt><\/dl>\n\t\t\t<br style='clear: both' \/>\n\t\t<\/div>\n\n<\/div>\n<p><\/p>","protected":false},"excerpt":{"rendered":"<p>Cliente | Particular Superficie | 89m\u00b2 A\u00f1o | 2014 Ciudad | Sant Cugat del Vall\u00e8s El objetivo del proyecto era crear una identidad propia para una tintorer\u00eda especializada en un proceso de lavado ecol\u00f3gico. El local de 89m2, que se encontraba en un centro comercial, se dividi\u00f3 en cuatro zonas de trabajo separadas mediante paneles [&hellip;]<\/p>\n","protected":false},"author":1,"featured_media":420,"comment_status":"closed","ping_status":"closed","template":"","format":"standard","meta":{"footnotes":""},"jetpack-portfolio-type":[5],"jetpack-portfolio-tag":[],"class_list":["post-405","jetpack-portfolio","type-jetpack-portfolio","status-publish","format-standard","has-post-thumbnail","hentry","jetpack-portfolio-type-comercial"],"jetpack_sharing_enabled":true,"_links":{"self":[{"href":"https:\/\/www.masdeudesign.com\/es\/wp-json\/wp\/v2\/jetpack-portfolio\/405","targetHints":{"allow":["GET"]}}],"collection":[{"href":"https:\/\/www.masdeudesign.com\/es\/wp-json\/wp\/v2\/jetpack-portfolio"}],"about":[{"href":"https:\/\/www.masdeudesign.com\/es\/wp-json\/wp\/v2\/types\/jetpack-portfolio"}],"author":[{"embeddable":true,"href":"https:\/\/www.masdeudesign.com\/es\/wp-json\/wp\/v2\/users\/1"}],"replies":[{"embeddable":true,"href":"https:\/\/www.masdeudesign.com\/es\/wp-json\/wp\/v2\/comments?post=405"}],"version-history":[{"count":0,"href":"https:\/\/www.masdeudesign.com\/es\/wp-json\/wp\/v2\/jetpack-portfolio\/405\/revisions"}],"wp:featuredmedia":[{"embeddable":true,"href":"https:\/\/www.masdeudesign.com\/es\/wp-json\/wp\/v2\/media\/420"}],"wp:attachment":[{"href":"https:\/\/www.masdeudesign.com\/es\/wp-json\/wp\/v2\/media?parent=405"}],"wp:term":[{"taxonomy":"jetpack-portfolio-type","embeddable":true,"href":"https:\/\/www.masdeudesign.com\/es\/wp-json\/wp\/v2\/jetpack-portfolio-type?post=405"},{"taxonomy":"jetpack-portfolio-tag","embeddable":true,"href":"https:\/\/www.masdeudesign.com\/es\/wp-json\/wp\/v2\/jetpack-portfolio-tag?post=405"}],"curies":[{"name":"wp","href":"https:\/\/api.w.org\/{rel}","templated":true}]}}

tintorería ecológica en Sant Cugat del Vallès

<p></p>
<div class="wide-content" style="text-align: left;">
<p><img loading="lazy" decoding="async" data-attachment-id="416" data-permalink="https://www.masdeudesign.com/es/portfolio/tintoreria-ecologica-a-sant-cugat-del-valles/31-copia/" data-orig-file="https://www.masdeudesign.com/wp-content/uploads/2017/01/31-copia.jpg" data-orig-size="1800,1019" data-comments-opened="0" data-image-meta="{&quot;aperture&quot;:&quot;0&quot;,&quot;credit&quot;:&quot;&quot;,&quot;camera&quot;:&quot;&quot;,&quot;caption&quot;:&quot;&quot;,&quot;created_timestamp&quot;:&quot;0&quot;,&quot;copyright&quot;:&quot;&quot;,&quot;focal_length&quot;:&quot;0&quot;,&quot;iso&quot;:&quot;0&quot;,&quot;shutter_speed&quot;:&quot;0&quot;,&quot;title&quot;:&quot;&quot;,&quot;orientation&quot;:&quot;1&quot;}" data-image-title="31 copia" data-image-description="" data-image-caption="" data-large-file="https://www.masdeudesign.com/wp-content/uploads/2017/01/31-copia.jpg" class="size-full wp-image-416 alignleft" src="http://masdeudesign.com/wordpress/wp-content/uploads/2017/01/31-copia.jpg" alt="31 copia" width="1800" height="1019" srcset="https://www.masdeudesign.com/wp-content/uploads/2017/01/31-copia.jpg 1800w, https://www.masdeudesign.com/wp-content/uploads/2017/01/31-copia-600x340.jpg 600w, https://www.masdeudesign.com/wp-content/uploads/2017/01/31-copia-768x435.jpg 768w" sizes="auto, (max-width: 1800px) 100vw, 1800px" /></p>
<p>Cliente | <strong>Particular</strong><br />
Superficie | <strong>89m²</strong><br />
Año | <strong>2014</strong><br />
Ciudad | <strong>Sant Cugat del Vallès</strong></p>
<p style="text-align: justify;">El objetivo del proyecto era crear una identidad propia para una tintorería especializada en un proceso de lavado ecológico. El local de 89m2, que se encontraba en un centro comercial, se dividió en cuatro zonas de trabajo separadas mediante paneles que simulaban puertas de armario con rastreles blancos y tapizadas con el típico tejido de camisa de hombre. En el espacio más privado se situó la zona de lavado y plancha, y la zona de arreglos se situó al lado de la entrada. Todos estos espacios estaban visualmente conectados mediante unos ventanales con cortinas screen blancas de lamas verticales orientables, que potenciaban la visibilidad pero a la vez la intimidad, en el caso de que se quisiera cerrar el espacio. Todo este juego de cortinas se aplicó en la fachada, creando una interesante secuencia vertical que limitaba perfectamente nuestro local. En todo el interior se potenció el color blanco como símbolo de limpieza, la madera de roble aportaba la calidez, el tejido de camisa como rasgo identificador de nuestro local y se colocaron diferentes plantas de verde intenso para recordar que se trataba de una tintorería ecológica.</p>
<p>&nbsp;</p>
<div data-carousel-extra='{&quot;blog_id&quot;:1,&quot;permalink&quot;:&quot;https://www.masdeudesign.com/es/portfolio/tintoreria-ecologica-a-sant-cugat-del-valles/&quot;}' id='gallery-4' class='gallery galleryid-405 gallery-columns-4 gallery-size-thumbnail'><dl class='gallery-item'>
			<dt class='gallery-icon landscape'>
				<img loading="lazy" decoding="async" width="300" height="300" src="https://www.masdeudesign.com/wp-content/uploads/2017/01/31-copia-1-300x300.jpg" class="attachment-thumbnail size-thumbnail" alt="" srcset="https://www.masdeudesign.com/wp-content/uploads/2017/01/31-copia-1-300x300.jpg 300w, https://www.masdeudesign.com/wp-content/uploads/2017/01/31-copia-1-50x50.jpg 50w" sizes="auto, (max-width: 300px) 100vw, 300px" data-attachment-id="418" data-permalink="https://www.masdeudesign.com/es/portfolio/tintoreria-ecologica-a-sant-cugat-del-valles/31-copia-2/" data-orig-file="https://www.masdeudesign.com/wp-content/uploads/2017/01/31-copia-1.jpg" data-orig-size="1800,1019" data-comments-opened="0" data-image-meta="{&quot;aperture&quot;:&quot;0&quot;,&quot;credit&quot;:&quot;&quot;,&quot;camera&quot;:&quot;&quot;,&quot;caption&quot;:&quot;&quot;,&quot;created_timestamp&quot;:&quot;0&quot;,&quot;copyright&quot;:&quot;&quot;,&quot;focal_length&quot;:&quot;0&quot;,&quot;iso&quot;:&quot;0&quot;,&quot;shutter_speed&quot;:&quot;0&quot;,&quot;title&quot;:&quot;&quot;,&quot;orientation&quot;:&quot;1&quot;}" data-image-title="" data-image-description="" data-image-caption="" data-large-file="https://www.masdeudesign.com/wp-content/uploads/2017/01/31-copia-1.jpg" />
			</dt></dl><dl class='gallery-item'>
			<dt class='gallery-icon landscape'>
				<img loading="lazy" decoding="async" width="300" height="300" src="https://www.masdeudesign.com/wp-content/uploads/2017/01/32-copia-300x300.jpg" class="attachment-thumbnail size-thumbnail" alt="" srcset="https://www.masdeudesign.com/wp-content/uploads/2017/01/32-copia-300x300.jpg 300w, https://www.masdeudesign.com/wp-content/uploads/2017/01/32-copia-50x50.jpg 50w" sizes="auto, (max-width: 300px) 100vw, 300px" data-attachment-id="419" data-permalink="https://www.masdeudesign.com/es/portfolio/tintoreria-ecologica-a-sant-cugat-del-valles/32-copia/" data-orig-file="https://www.masdeudesign.com/wp-content/uploads/2017/01/32-copia.jpg" data-orig-size="1800,1350" data-comments-opened="0" data-image-meta="{&quot;aperture&quot;:&quot;0&quot;,&quot;credit&quot;:&quot;&quot;,&quot;camera&quot;:&quot;&quot;,&quot;caption&quot;:&quot;&quot;,&quot;created_timestamp&quot;:&quot;0&quot;,&quot;copyright&quot;:&quot;&quot;,&quot;focal_length&quot;:&quot;0&quot;,&quot;iso&quot;:&quot;0&quot;,&quot;shutter_speed&quot;:&quot;0&quot;,&quot;title&quot;:&quot;&quot;,&quot;orientation&quot;:&quot;1&quot;}" data-image-title="" data-image-description="" data-image-caption="" data-large-file="https://www.masdeudesign.com/wp-content/uploads/2017/01/32-copia.jpg" />
			</dt></dl><dl class='gallery-item'>
			<dt class='gallery-icon landscape'>
				<img loading="lazy" decoding="async" width="300" height="300" src="https://www.masdeudesign.com/wp-content/uploads/2017/03/Planta-Tintoreria-300x300.jpg" class="attachment-thumbnail size-thumbnail" alt="" srcset="https://www.masdeudesign.com/wp-content/uploads/2017/03/Planta-Tintoreria-300x300.jpg 300w, https://www.masdeudesign.com/wp-content/uploads/2017/03/Planta-Tintoreria-50x50.jpg 50w" sizes="auto, (max-width: 300px) 100vw, 300px" data-attachment-id="773" data-permalink="https://www.masdeudesign.com/es/portfolio/tintoreria-ecologica-a-sant-cugat-del-valles/propostes/" data-orig-file="https://www.masdeudesign.com/wp-content/uploads/2017/03/Planta-Tintoreria.jpg" data-orig-size="1800,1136" data-comments-opened="0" data-image-meta="{&quot;aperture&quot;:&quot;0&quot;,&quot;credit&quot;:&quot;&quot;,&quot;camera&quot;:&quot;&quot;,&quot;caption&quot;:&quot;&quot;,&quot;created_timestamp&quot;:&quot;0&quot;,&quot;copyright&quot;:&quot;&quot;,&quot;focal_length&quot;:&quot;0&quot;,&quot;iso&quot;:&quot;0&quot;,&quot;shutter_speed&quot;:&quot;0&quot;,&quot;title&quot;:&quot;Propostes&quot;,&quot;orientation&quot;:&quot;1&quot;}" data-image-title="" data-image-description="" data-image-caption="" data-large-file="https://www.masdeudesign.com/wp-content/uploads/2017/03/Planta-Tintoreria.jpg" />
			</dt></dl>
			<br style='clear: both' />
		</div>

</div>
<p></p>

<p>Cliente | Particular Superficie | 89m² Año | 2014 Ciudad | Sant Cugat del Vallès El objetivo del proyecto era crear una identidad propia para una tintorería especializada en un proceso de lavado ecológico. El local de 89m2, que se encontraba en un centro comercial, se dividió en cuatro zonas de trabajo separadas mediante paneles [&hellip;]</p>
